[INFO] cloning repository https://github.com/PoorlyDefinedBehaviour/swagger-rs
[INFO] running `Command { std: "git" "-c" "credential.helper=" "-c" "credential.helper=/workspace/cargo-home/bin/git-credential-null" "clone" "--bare" "https://github.com/PoorlyDefinedBehaviour/swagger-rs" "/workspace/cache/git-repos/https%3A%2F%2Fgithub.com%2FPoorlyDefinedBehaviour%2Fswagger-rs", kill_on_drop: false }`
[INFO] [stderr] Cloning into bare repository '/workspace/cache/git-repos/https%3A%2F%2Fgithub.com%2FPoorlyDefinedBehaviour%2Fswagger-rs'...
[INFO] running `Command { std: "git" "rev-parse" "HEAD", kill_on_drop: false }`
[INFO] [stdout] a148e3c6086ea72b819b4720f690c7502d49bdb7
[INFO] checking PoorlyDefinedBehaviour/swagger-rs against master#9610dfe5a9a731ced1ea4923ecbd0c57fe367898 for beta-170-4
[INFO] running `Command { std: "git" "clone" "/workspace/cache/git-repos/https%3A%2F%2Fgithub.com%2FPoorlyDefinedBehaviour%2Fswagger-rs" "/workspace/builds/worker-4-tc1/source", kill_on_drop: false }`
[INFO] [stderr] Cloning into '/workspace/builds/worker-4-tc1/source'...
[INFO] [stderr] done.
[INFO] validating manifest of git repo https://github.com/PoorlyDefinedBehaviour/swagger-rs on toolchain 9610dfe5a9a731ced1ea4923ecbd0c57fe367898
[INFO] running `Command { std: CARGO_HOME="/workspace/cargo-home" RUSTUP_HOME="/workspace/rustup-home" "/workspace/cargo-home/bin/cargo" "+9610dfe5a9a731ced1ea4923ecbd0c57fe367898" "metadata" "--manifest-path" "Cargo.toml" "--no-deps", kill_on_drop: false }`
[INFO] started tweaking git repo https://github.com/PoorlyDefinedBehaviour/swagger-rs
[INFO] finished tweaking git repo https://github.com/PoorlyDefinedBehaviour/swagger-rs
[INFO] tweaked toml for git repo https://github.com/PoorlyDefinedBehaviour/swagger-rs written to /workspace/builds/worker-4-tc1/source/Cargo.toml
[INFO] crate git repo https://github.com/PoorlyDefinedBehaviour/swagger-rs already has a lockfile, it will not be regenerated
[INFO] running `Command { std: CARGO_HOME="/workspace/cargo-home" RUSTUP_HOME="/workspace/rustup-home" "/workspace/cargo-home/bin/cargo" "+9610dfe5a9a731ced1ea4923ecbd0c57fe367898" "fetch" "--manifest-path" "Cargo.toml", kill_on_drop: false }`
[INFO] [stderr]  Downloading crates ...
[INFO] [stderr]   Downloaded axum v0.5.15
[INFO] [stderr]   Downloaded serde_yaml v0.9.10
[INFO] running `Command { std: "docker" "create" "-v" "/var/lib/crater-agent-workspace/builds/worker-4-tc1/target:/opt/rustwide/target:rw,Z" "-v" "/var/lib/crater-agent-workspace/builds/worker-4-tc1/source:/opt/rustwide/workdir:ro,Z" "-v" "/var/lib/crater-agent-workspace/cargo-home:/opt/rustwide/cargo-home:ro,Z" "-v" "/var/lib/crater-agent-workspace/rustup-home:/opt/rustwide/rustup-home:ro,Z" "-e" "SOURCE_DIR=/opt/rustwide/workdir" "-e" "CARGO_TARGET_DIR=/opt/rustwide/target" "-e" "CARGO_HOME=/opt/rustwide/cargo-home" "-e" "RUSTUP_HOME=/opt/rustwide/rustup-home" "-w" "/opt/rustwide/workdir" "-m" "1610612736" "--user" "0:0" "--network" "none" "ghcr.io/rust-lang/crates-build-env/linux@sha256:19e73879b68f455e41552ea35293514db52ea292d993f571636dbffedb77a1ee" "/opt/rustwide/cargo-home/bin/cargo" "+9610dfe5a9a731ced1ea4923ecbd0c57fe367898" "metadata" "--no-deps" "--format-version=1", kill_on_drop: false }`
[INFO] [stdout] 8cc996219e18f659e1e5175933d9cb68ff79589c1f94b7baff31ef7afa6eedda
[INFO] running `Command { std: "docker" "start" "-a" "8cc996219e18f659e1e5175933d9cb68ff79589c1f94b7baff31ef7afa6eedda", kill_on_drop: false }`
[INFO] running `Command { std: "docker" "inspect" "8cc996219e18f659e1e5175933d9cb68ff79589c1f94b7baff31ef7afa6eedda", kill_on_drop: false }`
[INFO] running `Command { std: "docker" "rm" "-f" "8cc996219e18f659e1e5175933d9cb68ff79589c1f94b7baff31ef7afa6eedda", kill_on_drop: false }`
[INFO] [stdout] 8cc996219e18f659e1e5175933d9cb68ff79589c1f94b7baff31ef7afa6eedda
[INFO] running `Command { std: "docker" "create" "-v" "/var/lib/crater-agent-workspace/builds/worker-4-tc1/target:/opt/rustwide/target:rw,Z" "-v" "/var/lib/crater-agent-workspace/builds/worker-4-tc1/source:/opt/rustwide/workdir:ro,Z" "-v" "/var/lib/crater-agent-workspace/cargo-home:/opt/rustwide/cargo-home:ro,Z" "-v" "/var/lib/crater-agent-workspace/rustup-home:/opt/rustwide/rustup-home:ro,Z" "-e" "SOURCE_DIR=/opt/rustwide/workdir" "-e" "CARGO_TARGET_DIR=/opt/rustwide/target" "-e" "CARGO_INCREMENTAL=0" "-e" "RUST_BACKTRACE=full" "-e" "RUSTFLAGS=--cap-lints=forbid" "-e" "RUSTDOCFLAGS=--cap-lints=forbid" "-e" "CARGO_HOME=/opt/rustwide/cargo-home" "-e" "RUSTUP_HOME=/opt/rustwide/rustup-home" "-w" "/opt/rustwide/workdir" "-m" "1610612736" "--user" "0:0" "--network" "none" "ghcr.io/rust-lang/crates-build-env/linux@sha256:19e73879b68f455e41552ea35293514db52ea292d993f571636dbffedb77a1ee" "/opt/rustwide/cargo-home/bin/cargo" "+9610dfe5a9a731ced1ea4923ecbd0c57fe367898" "check" "--frozen" "--all" "--all-targets" "--message-format=json", kill_on_drop: false }`
[INFO] [stdout] e9beea79742573650b8062a652030f02ca8c6b89a0dddd3488cb7a1803830cd1
[INFO] running `Command { std: "docker" "start" "-a" "e9beea79742573650b8062a652030f02ca8c6b89a0dddd3488cb7a1803830cd1", kill_on_drop: false }`
[INFO] [stderr]     Checking once_cell v1.13.1
[INFO] [stderr]    Compiling futures-core v0.3.23
[INFO] [stderr]    Compiling libc v0.2.132
[INFO] [stderr]    Compiling futures-task v0.3.23
[INFO] [stderr]    Compiling futures-util v0.3.23
[INFO] [stderr]    Compiling tokio v1.20.1
[INFO] [stderr]     Checking bytes v1.2.1
[INFO] [stderr]    Compiling async-trait v0.1.57
[INFO] [stderr]     Checking tower-service v0.3.2
[INFO] [stderr]    Compiling futures-channel v0.3.23
[INFO] [stderr]    Compiling httparse v1.7.1
[INFO] [stderr]    Compiling proc-macro2 v1.0.43
[INFO] [stderr]     Checking tower-layer v0.3.1
[INFO] [stderr]    Compiling tracing-attributes v0.1.22
[INFO] [stderr]     Checking unicode-ident v1.0.3
[INFO] [stderr]     Checking try-lock v0.2.3
[INFO] [stderr]     Checking matches v0.1.9
[INFO] [stderr]    Compiling quote v1.0.21
[INFO] [stderr]    Compiling serde_json v1.0.85
[INFO] [stderr]     Checking form_urlencoded v1.0.1
[INFO] [stderr]     Checking want v0.3.0
[INFO] [stderr]     Checking tracing-core v0.1.29
[INFO] [stderr]     Checking httpdate v1.0.2
[INFO] [stderr]     Checking mime v0.3.16
[INFO] [stderr]    Compiling syn v1.0.99
[INFO] [stderr]     Checking http-range-header v0.3.0
[INFO] [stderr]     Checking regex v1.6.0
[INFO] [stderr]     Checking serde_urlencoded v0.7.1
[INFO] [stderr]     Checking thread_local v1.1.4
[INFO] [stderr]     Checking sync_wrapper v0.1.1
[INFO] [stderr]     Checking unsafe-libyaml v0.2.2
[INFO] [stderr]     Checking http v0.2.8
[INFO] [stderr]     Checking matchit v0.5.0
[INFO] [stderr]     Checking tracing-log v0.1.3
[INFO] [stderr]     Checking socket2 v0.4.4
[INFO] [stderr]     Checking mio v0.8.4
[INFO] [stderr]     Checking serde_yaml v0.9.10
[INFO] [stderr]     Checking http-body v0.4.5
[INFO] [stderr]     Checking tracing v0.1.36
[INFO] [stderr]     Checking tracing-subscriber v0.3.15
[INFO] [stderr]     Checking axum-core v0.2.7
[INFO] [stderr]     Checking tower v0.4.13
[INFO] [stderr]     Checking hyper v0.14.20
[INFO] [stderr]     Checking tower-http v0.3.4
[INFO] [stderr]     Checking axum v0.5.15
[INFO] [stderr]     Checking swagger v0.1.0 (/opt/rustwide/workdir)
[INFO] [stdout] warning: unused imports: `Type`, `token::Struct`
[INFO] [stdout]  --> src/axum.rs:4:11
[INFO] [stdout]   |
[INFO] [stdout] 4 | use syn::{token::Struct, FnArg, Type};
[INFO] [stdout]   |           ^^^^^^^^^^^^^         ^^^^
[INFO] [stdout]   |
[INFO] [stdout]   = note: `#[warn(unused_imports)]` on by default
[INFO] [stdout] 
[INFO] [stdout] 
[INFO] [stdout] warning: unused imports: `Type`, `token::Struct`
[INFO] [stdout]  --> src/axum.rs:4:11
[INFO] [stdout]   |
[INFO] [stdout] 4 | use syn::{token::Struct, FnArg, Type};
[INFO] [stdout]   |           ^^^^^^^^^^^^^         ^^^^
[INFO] [stdout]   |
[INFO] [stdout]   = note: `#[warn(unused_imports)]` on by default
[INFO] [stdout] 
[INFO] [stdout] 
[INFO] [stdout] error[E0308]: mismatched types
[INFO] [stdout]    --> src/main.rs:343:19
[INFO] [stdout]     |
[INFO] [stdout] 343 |                   parameters
[INFO] [stdout]     |                   ^^^^^^^^^^ expected `()`, found `Vec<_>`
[INFO] [stdout]     |
[INFO] [stdout]     = note: expected unit type `()`
[INFO] [stdout]                   found struct `Vec<_>`
[INFO] [stdout] 
[INFO] [stdout] 
[INFO] [stdout] error[E0308]: mismatched types
[INFO] [stdout]    --> src/main.rs:343:19
[INFO] [stdout]     |
[INFO] [stdout] 343 |                   parameters
[INFO] [stdout]     |                   ^^^^^^^^^^ expected `()`, found `Vec<_>`
[INFO] [stdout]     |
[INFO] [stdout]     = note: expected unit type `()`
[INFO] [stdout]                   found struct `Vec<_>`
[INFO] [stdout] 
[INFO] [stdout] 
[INFO] [stdout] error[E0599]: no variant named `Integer` found for enum `ParameterSchema`
[INFO] [stdout]    --> src/main.rs:356:46
[INFO] [stdout]     |
[INFO] [stdout] 356 |                     schema: ParameterSchema::Integer {
[INFO] [stdout]     |                                              ^^^^^^^ variant not found in `ParameterSchema`
[INFO] [stdout] ...
[INFO] [stdout] 569 | enum ParameterSchema {
[INFO] [stdout]     | -------------------- variant `Integer` not found here
[INFO] [stdout] 
[INFO] [stdout] 
[INFO] [stdout] error[E0599]: no variant named `Integer` found for enum `ParameterSchema`
[INFO] [stdout]    --> src/main.rs:356:46
[INFO] [stdout]     |
[INFO] [stdout] 356 |                     schema: ParameterSchema::Integer {
[INFO] [stdout]     |                                              ^^^^^^^ variant not found in `ParameterSchema`
[INFO] [stdout] ...
[INFO] [stdout] 569 | enum ParameterSchema {
[INFO] [stdout]     | -------------------- variant `Integer` not found here
[INFO] [stdout] 
[INFO] [stdout] 
[INFO] [stdout] error: aborting due to 2 previous errors; 1 warning emitted
[INFO] [stdout] 
[INFO] [stdout] 
[INFO] [stdout] Some errors have detailed explanations: E0308, E0599.
[INFO] [stdout] 
[INFO] [stdout] For more information about an error, try `rustc --explain E0308`.
[INFO] [stdout] 
[INFO] [stdout] error: aborting due to 2 previous errors; 1 warning emitted
[INFO] [stdout] 
[INFO] [stdout] 
[INFO] [stdout] Some errors have detailed explanations: E0308, E0599.
[INFO] [stdout] 
[INFO] [stdout] For more information about an error, try `rustc --explain E0308`.
[INFO] [stdout] 
[INFO] [stderr] error: could not compile `swagger` (bin "swagger" test) due to 3 previous errors; 1 warning emitted
[INFO] [stderr] warning: build failed, waiting for other jobs to finish...
[INFO] [stderr] error: could not compile `swagger` (bin "swagger") due to 3 previous errors; 1 warning emitted
[INFO] running `Command { std: "docker" "inspect" "e9beea79742573650b8062a652030f02ca8c6b89a0dddd3488cb7a1803830cd1", kill_on_drop: false }`
[INFO] running `Command { std: "docker" "rm" "-f" "e9beea79742573650b8062a652030f02ca8c6b89a0dddd3488cb7a1803830cd1", kill_on_drop: false }`
[INFO] [stdout] e9beea79742573650b8062a652030f02ca8c6b89a0dddd3488cb7a1803830cd1
